ided by u?
7
Let c(u) = u + 16. Let p = 69 + -77. What is the remainder when 62 is divided by c(p)?
6
Let l(h) = 26*h + 451. Calculate the remainder when 169 is divided by l(-16).
29
Let l be (-2 - 5 - -5)/((-1)/2). Suppose 3*r - l + 503 = 4*f, r = -1. Calculate the remainder when f is divided by 18.
16
Let j = -450 + 680. Calculate the remainder when j is divided by 58.
56
Let y = 169 + -57. What is the remainder when y is divided by 62?
50
Let y(c) = -c**2 + 11*c + 3. Let j(l) = l**3 + 6*l**2 + 5*l - 1. Calculate the remainder when y(9) is divided by j(-4).
10
Let m = 10 + 26. Let d = -9 - -29. Calculate the remainder when m is divided by d.
16
Suppose 49 + 51 = 4*q. Let a = 214 - 119. Calculate the remainder when a is divided by q.
20
Suppose 0 = 5*c + 2*c - 616. Suppose -3*q + 59 = -3*t - c, 3*q = 5*t + 145. What is the remainder when q is divided by 27?
23
Suppose -2*d = -3*y + 49, -y = -0*y + 2*d - 11. Let b(z) = -2*z - 2. Calculate the remainder when y - (-12)/(7 + -3) is divided by b(-3).
2
Let n(j) = -j**3 - j**2 - 2*j. Let m be 15/(-2) + 1/2. Let v = 4 + m. Calculate the remainder when 71 is divided by n(v).
23
Suppose -10*o = -14*o + 12. Suppose -2*i - v = -161, -o*i - 3*v = -2*i - 83. What is the remainder when i is divided by 17?
12
Suppose 5*a - i + 3*i - 165 = 0, -i + 67 = 2*a. Suppose 0 = 2*f - a - 107. What is the remainder when f is divided by 19?
12
Suppose 4 = 4*o, 0*r + 5*o - 50 = -5*r. Calculate the remainder when 3 is divided by (-12)/r*2/((-12)/9).
1
Suppose d - b - 39 = -2*b, -3*d - 2*b + 120 = 0. Calculate the remainder when d is divided by -11 - -13 - (-11 - -4).
6
Calculate the remainder when (10/(-4))/((-1)/6) is divided by (-148)/(-18) + (-4)/18.
7
Let u(v) = -v**3 - 44*v**2 - 105*v - 58. What is the remainder when u(-42) is divided by 118?
116
Let k = -411 - -468. What is the remainder when k is divided by 47?
10
Suppose 0*r = 2*r + 4. What is the remainder when 26 is divided by (r - 12)*(5/2 + -3)?
5
Let h be 16/(-3)*15/(-10). Suppose 5*q - 3*m - 67 = 0, -h - 12 = 5*m. Suppose o - 5 = q. What is the remainder when o is divided by 6?
4
Suppose 242*w - 237*w - 265 = 0. Calculate the remainder when 368 is divided by w.
50
Let o(v) = 5*v**3 - 5*v + 5. What is the remainder when 103 is divided by o(2)?
33
Suppose 0 = -5*l - 5*x + 280, 4*l = -2*x - 61 + 283. Calculate the remainder when 217 is divided by l.
52
Suppose -63 = 7*a - 7. Let f(w) = 4*w. Let n be f(2). Let q = n - a. What is the remainder when q is divided by 9?
7
Let l(z) = -z**2 + 9*z + 34. What is the remainder when 166 is divided by l(8)?
40
Let v = -665 - -676. What is the remainder when v is divided by 7?
4
Let w = 2 + 1. Suppose -4*j + w + 13 = 0. Suppose 20 = i - j*m, 52 = 5*i - 3*m - m. Calculate the remainder when i is divided by 2.
0
Suppose -5*i = 2*b - 352, 13*i + 292 = 17*i - b. Suppose -o - 2*o + 45 = 0. What is the remainder when i is divided by o?
12
Suppose 5*o + 3*x - 9 = 0, 5*o + 3 = 2*x - x. Suppose o = 28*v - 27*v - 29. Calculate the remainder when v is divided by 15.
14
Let t = 166 - 160. Calculate the remainder when 39 is divided by t.
3
Calculate the remainder when 278 is divided by 11 + 0 + (4 - 1).
12
Let d = -57 + 57. Suppose 80 = 5*z - 5*y, y = -d*z - 2*z + 38. Calculate the remainder when 53 is divided by z.
17
Calculate the remainder when 3/(-2)*(-3 - 91) is divided by (-1255)/(-35) - 12/(-84).
33
Calculate the remainder when 77 is divided by (2*(0 + -1))/((-424)/2756).
12
Suppose 2*z = 4*l - 0 + 12, 2*l + 6 = -4*z. Suppose -6*w + 144 = -z*w. What is the remainder when w is divided by 13?
11
Suppose -2*c = x - 1276, 6*c - 11*c - 2*x + 3188 = 0. Calculate the remainder when c is divided by 11.
9
Let h = 731 - 665. Calculate the remainder when h is divided by 25.
16
Calculate the remainder when 509 is divided by (2 - 1 - 4)*860/(-129).
9
Suppose -4 - 16 = v - 2*u, -3*v - 30 = 4*u. Let k = v + 16. Suppose 4*s + 7 = k*a + a, 0 = -5*s + 2*a. Calculate the remainder when 6 is divided by s.
0
Calculate the remainder when (-30)/(-24) + 4510/40 is divided by 25.
14
Let o be 168/32 - 1/4. Suppose -166 - o = -s. Calculate the remainder when s is divided by 43.
42
Suppose -126 - 789 = -5*o. Let y = 262 - o. What is the remainder when y is divided by 22?
13
Suppose 4*z - 220 = 32. Let m = 129 - z. What is the remainder when m is divided by 23?
20
Let v(f) = f**2 - 22*f + 75. Calculate the remainder when v(36) is divided by 58.
57
Suppose -4*c + 108 = 4*s, 15 = 61*s - 58*s. Calculate the remainder when c is divided by 9.
4
Suppose 2*m + 6 = -4*k + 44, -5*m = 2*k - 39. What is the remainder when 55 is divided by k?
6
Let t(r) = r + 9. Let w be t(-8). Let g be w/1*(-8 + 11). Suppose -3*h + g*n = -42, n = -3*h - 0*n + 38. Calculate the remainder when 24 is divided by h.
11
Let q = -1369 + 1443. Let x = 4 - 6. What is the remainder when q is divided by 27*1 + (x - 0)?
24
Suppose -3*l - 486 = -5*q, 5*q = 4*l + 407 + 81. Calculate the remainder when q is divided by 18.
6
Suppose 5*l + 5*s = -20, -l - s = -5*s - 16. What is the remainder when l/(-2) - 5/(-1) is divided by (-16 + 1 - -13)*(-1 + 0)?
1
Suppose 8*c + c = -0*c. Suppose -5*g + c*q + 56 = 2*q, 4*q + 8 = 2*g. Calculate the remainder when g is divided by 3.
1
Suppose -h - 7*x + 6*x = -21, 5*x = 0. Let v be 121 - (0 + 2 + -2). Let a = 202 - v. Calculate the remainder when a is divided by h.
18
Let z = -2 - -3. Let v(u) = 6*u + 1. Calculate the remainder when 7 + (-3 - -9) - -7 is divided by v(z).
6
Let m be 5/35 + (-194)/(-14). Let g = 8 - m. Let i = g - -8. What is the remainder when 7 is divided by i?
1
Calculate the remainder when 737 is divided by (-8)/(-6)*111/2.
71
Suppose 3*h = -h + 44. Suppose 0 = 4*r + y - 173, 8*y = 4*y + 20. What is the remainder when r is divided by h?
9
Let c = 15 - -14. Let a = c + -12. Suppose -3 = p - a. Calculate the remainder when 26 is divided by p.
12
Suppose 9 = -2*u + 4*b - b, 0 = -u + 4*b - 17. Suppose -3*a + 4 = 2*f - 4*f, -u*a = 3*f + 21. Calculate the remainder when -1 + 52/2 + a is divided by 6.
5
What is the remainder when 137 is divided by ((-1)/1)/((-3)/(-162)*-3)?
11
Let w(r) = r**3 - 18*r**2 + 2*r + 38. Calculate the remainder when w(18) is divided by 28.
18
Calculate the remainder when 20 is divided by 24/(-18) - (-52)/12 - -5.
4
Let w(j) = -2*j**2 + 2*j + 2. Calculate the remainder when 81 is divided by w(0).
1
Suppose 0 = s - 6*s + 10. Suppose -2*v + j = -27, s*j - 5 = 5. Calculate the remainder when 2/(-4)*(-132 - -10) is divided by v.
13
Suppose 16 = 4*f, 6*p - 3*p + 3*f = 18. Suppose -p*i + 21 + 43 = 0. Suppose -388 - i = -5*w. What is the remainder when w is divided by 22?
18
Let g = 378 + -18. What is the remainder when g is divided by 13?
9
Let j = 1242 + -1219. Suppose -4*d = d - 30. Calculate the remainder when j is divided by d.
5
Suppose -79*k = -125*k + 39836. What is the remainder when k is divided by 5?
1
Let b = 1011 - 654. What is the remainder when b is divided by 90?
87
Let y = -2511 - -2533. What is the remainder when y is divided by 7?
1
Let w = 573 + -522. Calculate the remainder when w is divided by 22.
7
Let m(u) = u**2 + 33*u + 156. Calculate the remainder when 60 is divided by m(-28).
12
Let f = 26 + -8. Calculate the remainder when f is divided by (-88)/132*(-42)/4.
4
Suppose -7*b + 259 = -119. Suppose 4*u - 62 = 14. What is the remainder when b is divided by u?
16
Suppose -2*n - 2*n = -84. Suppose -z = -3*s - 2*z + 7, s + 5*z + n = 0. Suppose c - s*c = -129. What is the remainder when c is divided by 15?
13
Suppose 8 = 7*w - 3*w. Suppose -w*j = 3*c - 143, 4*c = -j + 132 + 67. What is the remainder when c is divided by (72/30)/((-4)/(-30))?
15
Let m = -59 - -120. Let h = m + -47. Let i(p) = -p**3 - 7*p**2 - 6*p + 5. Calculate the remainder when h is divided by i(-6).
4
Let c be (3 - 0) + (-3 - -2). Suppose 166 = a + 3*d, -3*a = -0*a - c*d - 553. Let n = -118 + a. What is the remainder when n is divided by 22?
19
Suppose -2*m - 22 = -5*p + 31, -2*p + 6 = 3*m. What is the remainder when 60 is divided by p?
6
Let j(x) = -x**3 - 4*x**2 + 4*x - 5. Let u be j(-5). Suppose u = 5*o - 2*o - 315. What is the remainder when o is divided by 18?
15
Suppose n - 41 = -3*k, 0 = -15*k + 20*k - 3*n - 87. Calculate the remainder